ainder when 83 is divided by g(t)?
27
Let l(w) = -4*w**3 + w**2. Suppose -3*y = -3*h - 3 + 9, h = -3*y - 10. Let s be l(h). Suppose -s*m + 16 = -39. What is the remainder when 19 is divided by m?
8
Let a(y) = 45*y + 717. Calculate the remainder when a(-4) is divided by 33.
9
Suppose -49*s + 6*s + 129 = 0. Calculate the remainder when (1/s)/(16/4512) is divided by 51.
43
Suppose 116 = 5*k - 24. Suppose 23*a = k*a - 190. Suppose -l = -3*l + a. What is the remainder when 73 is divided by l?
16
Let d = -962 + 982. What is the remainder when 3037 is divided by d?
17
Let s(z) be the second derivative of -19*z**3/2 - 49*z**2/2 - 43*z. What is the remainder when s(-5) is divided by 80?
76
Suppose 21220 = -58*m + 78*m. What is the remainder when m is divided by 350?
11
Calculate the remainder when 7 + ((-151425)/(-150) - (-1)/2) is divided by 15.
12
Suppose -28*c + 23*c = -105. Let z = 107 + -68. Suppose -m - c = -p, -p + m = p - z. Calculate the remainder when 87 is divided by p.
15
Suppose -4*b - 875*f = -874*f - 414, 2*b = -5*f + 216. What is the remainder when b is divided by 18?
13
Let d(b) = 1446*b - 925. What is the remainder when 525 is divided by d(1)?
4
Suppose 3*x = -4*q + 505, -115 = -4*q + 5*x + 366. Suppose -2*s + 38 = 2*a, 288*s = 4*a + 287*s - 86. What is the remainder when q is divided by a?
19
What is the remainder when (-6)/10 + 10452/20 + 4 is divided by 238?
50
Suppose -u = -5*s - 323, 0 = 9*u + 5*s - 2156 - 551. Calculate the remainder when u is divided by 215.
88
Suppose -2673 - 8594 = -38*m + 10051. Calculate the remainder when m is divided by 111.
6
Let y = 155 - 251. What is the remainder when (0 - 18/4)/(y/7104) is divided by 42?
39
Let j be 3236/28 - (15/7)/(-5). Suppose 4*q - 2*q - j = 0. Calculate the remainder when 110 is divided by q.
52
Let c = -991 - -364. Let t = c - -886. What is the remainder when t is divided by 52?
51
Let q(t) = t**2 - 4*t - 2. Let r be 188*(10/(-35) + 25/14). Suppose -15*a - 57 + r = 0. What is the remainder when q(-6) is divided by a?
13
Let s(o) = 5*o**2 + o - 16. What is the remainder when s(-6) is divided by 200/(-35)*(-3 + -5 + 1)?
38
Let z(x) = 2 - 938*x**3 + 7*x - 2 - 22*x + 6*x**2 + 939*x**3. Calculate the remainder when 106 is divided by z(-7).
50
Let q(i) = i**3 + 10*i**2 - 16*i - 236. What is the remainder when 2460 is divided by q(-7)?
22
Let x(n) = 7*n + 10. Let j be x(7). Let f = -49 + j. Suppose 8*u + 286 = f*u. What is the remainder when u is divided by 24?
23
Let z be (-1 + -11 + 24)*1/(-3). Let d(f) = -f**3 - 3*f**2 + 3*f + 13. What is the remainder when 20 is divided by d(z)?
3
Let h = -407 + 448. Calculate the remainder when 1241 is divided by h.
11
Let i(k) = 118*k - 1. Calculate the remainder when i(1) is divided by ((-72)/54)/(3/(-27)).
9
Let y be (105/(-140))/((10/(-408))/5). Suppose 3*b = -0*b - 5*s + 119, s = -4*b + y. Calculate the remainder when b is divided by 21.
17
Suppose 3*p + 3 = 0, 0*p = -5*q - 4*p + 1406. Let s = q + -158. What is the remainder when s is divided by ((-7)/(490/(-42)))/(1/30)?
16
Suppose -14*g + 56 = -1 - 811. What is the remainder when g is divided by 2?
0
Let u be (31/5 - 6) + (-169)/(-5). Suppose -5*y + r + u = 0, 5*y - 16 = -5*r + 24. Calculate the remainder when 67 is divided by y.
4
Let u(l) = -l**3 + 126*l**2 - 401*l - 138. What is the remainder when u(122) is divided by 31?
29
Suppose -4*x + 4*a = 5 - 37, -4*x + 34 = -5*a. Let d = -1748 + 1746. What is the remainder when 4 is divided by -2 + 4/d + x?
0
Suppose -4*r + 5*v = -3794, 14*v - 19*v = 5*r - 4720. Calculate the remainder when r is divided by 473.
0
Suppose -9 = -t + 124. What is the remainder when t is divided by (177/(-708))/(2/10*10/(-536))?
66
Let k(b) = -8*b + 7. Let f(q) be the second derivative of q**5/20 - 3*q**4/4 - 4*q**3/3 + 12*q + 1. What is the remainder when k(-6) is divided by f(10)?
15
Suppose 2*c - 2*t = -0 + 204, 3*c - 303 = 4*t. What is the remainder when c is divided by 44?
17
Suppose -13325 = -20*k - 3265. What is the remainder when 2014 is divided by k?
2
Suppose -14*u - 1410 = -17*u + 2*m, 5*u + 3*m = 2350. What is the remainder when u is divided by 14?
8
Suppose 16 - 11 = 5*w. Let t be (-1 - (w - 5))/(6/(-16)). Let s(l) = -4*l - 29. What is the remainder when 4 is divided by s(t)?
1
Suppose w + 23*d = 26*d + 34, 0 = -4*w - 3*d + 76. Calculate the remainder when 243 is divided by w.
1
Let x = 11073 + -11044. What is the remainder when 225 is divided by x?
22
Let o(l) = -73*l**3 + 35*l**2 - 2*l. What is the remainder when o(-4) is divided by 114?
110
What is the remainder when 1560/130 + 574 + -1 is divided by 3?
0
Let j(v) = v**2 - 7*v - 493. What is the remainder when j(31) is divided by 63?
62
Let r be (-1 - -4) + (433 - (-3)/(-1)). Let p = r - 277. Let x = p + -42. Calculate the remainder when x is divided by 13.
10
Let v(l) = 6*l**2 + 5*l. Let p be v(-5). Let x = -193 + 249. Suppose 123*q + x = p*q. Calculate the remainder when 53 is divided by q.
25
Let z(b) = b**2 - 20. Let n be z(5). Suppose -n*q - 63 = -8*q. What is the remainder when q is divided by 5?
1
What is the remainder when (-21653 - -12)/(-19) + -7 is divided by 52?
40
Let j(f) = -6*f - 129. Let l be j(-22). Suppose -5*c - 3*y + 97 = 0, -y = -4*y - l. What is the remainder when 76 is divided by c?
16
Let b(c) = -c**2 - 2*c + 5. Let l be b(0). Suppose -5*v - 4*h = -2*h - 168, 0 = 2*v - l*h - 73. What is the remainder when 101 is divided by v?
33
Let i = 21395 + -20556. What is the remainder when i is divided by 53?
44
Suppose -32*w + 74*w = 50*w - 12736. What is the remainder when w is divided by 17?
11
Let t(m) = 57*m - 134. Let z be t(6). Let a(g) = -g**3 - 3*g**2 + 8. Let d be a(-6). Suppose -z - d = -18*p. Calculate the remainder when 160 is divided by p.
16
Let d = 196 - 162. Let z(f) = -f**3 + 36*f**2 - 68*f + 41. Calculate the remainder when z(d) is divided by 23.
18
Let m(z) = 2*z**2 + 58*z + 738. Calculate the remainder when m(-20) is divided by 28.
14
Let r(j) = j**2 + 2*j. Let h(f) = 10*f**2 + 28*f + 10. Let a(z) = -h(z) + 12*r(z). Suppose y + 12 = 4*y. Calculate the remainder when 22 is divided by a(y).
4
Let d = -5661 + 6047. What is the remainder when d is divided by 171?
44
Let k = 27 - 53. Let j(f) = f**3 + 25*f**2 - 26*f + 2. Let z be j(k). Let h(i) = -i**3 + 3*i**2 + 5*i - 4. Calculate the remainder when 15 is divided by h(z).
5
Suppose x + 12 = 2*g - 23, 5*x - 29 = -2*g. What is the remainder when g is divided by 4?
1
Let m(x) = -x**2 + 124*x - 2908. What is the remainder when -1 + (176 - 0) + 1 is divided by m(32)?
32
Suppose -4*z = -4, -29*f - z - 341 = -32*f. What is the remainder when 226 is divided by f?
112
Let d(p) = 11*p**3 + 3*p**2 + p + 27. Let a(h) = -5*h**3 - 2*h**2 - h - 14. Let m(b) = 9*a(b) + 4*d(b). What is the remainder when m(-7) is divided by 12?
6
Let z(b) = 2701*b**2 - 9*b - 1346*b**2 + 21 - 1354*b**2. What is the remainder when 53 is divided by z(3)?
2
Suppose 89*j - 170 = 8. What is the remainder when 28 is divided by j?
0
Suppose 0 = -3*h - 2*g + 6, 3*g + 4 = -h + 13. Suppose h = -3*n + 9*n - 390. What is the remainder when 321 is divided by n?
61
Let i(j) = 3*j**2 - 4*j - 37. Let w be i(-6). Let z = -27 + w. Calculate the remainder when z is divided by 18.
14
Let t(o) = -312*o - 27123. Suppose 2*l - 3 = 3*l. What is the remainder when t(-87) is divided by 1/(0 + -1)*l?
0
Let w be (-3)/(-21) + 444/28. Let j(l) = -l**2 + 15*l + 19. What is the remainder when (2 + (-10)/6)/((-3)/(-126)) is divided by j(w)?
2
Suppose 15 = o - 5*j + 1, -3*j = o - 30. Let f = -568 + 662. Calculate the remainder when f is divided by o.
22
Suppose -y + s + 476 + 52 = 0, 0 = -2*y + 3*s + 1063. What is the remainder when y is divided by 58?
57
Let v = -11862 + 19097. Calculate the remainder when v is divided by 47.
44
Suppose 3*b + 4*c - 1242 = 506, -5*b = -4*c - 2924. Suppose 4*z + 3*v - 787 = 0, 0 = 3*z - 2*v - 2*v - b. Calculate the remainder when z is divided by 62.
10
Suppose -222*s + z + 3759 = -219*s, 2*s + 2*z - 2490 = 0. Calculate the remainder when s is divided by 57.
54
Let n(q) = 11*q**2 + 88*q + 8. Let r be n(-8). Let p = -9 - -13. Suppose 0 = p*a + y - 91, -5*a + y + r = -99. What is the remainder when a is divided by 12?
10
Calculate the remainder when 547 